ed by 141.
28
What is the remainder when 2870 is divided by 289?
269
What is the remainder when 4103 is divided by 4095?
8
What is the remainder when 7075 is divided by 38?
7
What is the remainder when 17284 is divided by 97?
18
What is the remainder when 266042 is divided by 223?
3
Calculate the remainder when 18207 is divided by 5984.
255
What is the remainder when 11946 is divided by 11936?
10
What is the remainder when 6621 is divided by 28?
13
What is the remainder when 1145 is divided by 529?
87
Calculate the remainder when 19391 is divided by 122.
115
What is the remainder when 30073 is divided by 10011?
40
What is the remainder when 359367 is divided by 119786?
9
What is the remainder when 4330 is divided by 109?
79
What is the remainder when 2736 is divided by 170?
16
What is the remainder when 166840 is divided by 713?
711
What is the remainder when 65382 is divided by 227?
6
What is the remainder when 330701 is divided by 44?
41
What is the remainder when 23061 is divided by 11491?
79
Calculate the remainder when 21583 is divided by 3097.
3001
What is the remainder when 35242 is divided by 161?
144
What is the remainder when 909944 is divided by 57?
53
Calculate the remainder when 3419 is divided by 292.
207
What is the remainder when 16857 is divided by 12?
9
Calculate the remainder when 179414 is divided by 1547.
1509
What is the remainder when 3124 is divided by 26?
4
What is the remainder when 10753 is divided by 48?
1
What is the remainder when 105818 is divided by 26?
24
What is the remainder when 9009 is divided by 177?
159
What is the remainder when 144738 is divided by 2375?
2238
Calculate the remainder when 122194 is divided by 1437.
49
What is the remainder when 120985 is divided by 93?
85
What is the remainder when 1815 is divided by 891?
33
What is the remainder when 13073 is divided by 6520?
33
Calculate the remainder when 5350 is divided by 485.
15
What is the remainder when 63758 is divided by 257?
22
Calculate the remainder when 23218 is divided by 11594.
30
What is the remainder when 17707 is divided by 1095?
187
What is the remainder when 1950 is divided by 629?
63
Calculate the remainder when 643 is divided by 542.
101
Calculate the remainder when 317499 is divided by 2913.
2895
Calculate the remainder when 1951 is divided by 101.
32
Calculate the remainder when 36494 is divided by 936.
926
Calculate the remainder when 38734 is divided by 30.
4
What is the remainder when 2908726 is divided by 163?
154
What is the remainder when 1249 is divided by 546?
157
What is the remainder when 8147 is divided by 46?
5
What is the remainder when 3970 is divided by 53?
48
Calculate the remainder when 744 is divided by 704.
40
What is the remainder when 501480 is divided by 360?
0
Calculate the remainder when 1838 is divided by 42.
32
Calculate the remainder when 683326 is divided by 170829.
10
Calculate the remainder when 17053 is divided by 587.
30
Calculate the remainder when 5520 is divided by 73.
45
What is the remainder when 92713 is divided by 18?
13
What is the remainder when 6105 is divided by 2019?
48
What is the remainder when 32064 is divided by 30?
24
Calculate the remainder when 22722 is divided by 27.
15
Calculate the remainder when 36228 is divided by 231.
192
Calculate the remainder when 17077 is divided by 141.
16
Calculate the remainder when 602 is divided by 76.
70
Calculate the remainder when 11735 is divided by 6.
5
What is the remainder when 9372 is divided by 510?
192
Calculate the remainder when 9873 is divided by 28.
17
Calculate the remainder when 112622 is divided by 85.
82
What is the remainder when 84136 is divided by 1202?
1198
What is the remainder when 2453 is divided by 1102?
249
What is the remainder when 340296 is divided by 68059?
1
What is the remainder when 8173 is divided by 141?
136
Calculate the remainder when 5419 is divided by 439.
151
Calculate the remainder when 3490 is divided by 245.
60
What is the remainder when 16891 is divided by 96?
91
Calculate the remainder when 6132 is divided by 25.
7
Calculate the remainder when 22606 is divided by 24.
22
What is the remainder when 183576 is divided by 33?
30
Calculate the remainder when 3519 is divided by 1049.
372
Calculate the remainder when 72269 is divided by 219.
218
What is the remainder when 38815 is divided by 264?
7
Calculate the remainder when 184878 is divided by 405.
198
What is the remainder when 28174 is divided by 397?
384
What is the remainder when 334647 is divided by 291?
288
What is the remainder when 102598 is divided by 19?
17
Calculate the remainder when 1153 is divided by 747.
406
Calculate the remainder when 4491 is divided by 108.
63
Calculate the remainder when 16823 is divided by 5434.
521
What is the remainder when 1200942 is divided by 1218?
1212
What is the remainder when 678 is divided by 222?
12
Calculate the remainder when 37523 is divided by 18758.
7
What is the remainder when 1633 is divided by 153?
103
Calculate the remainder when 1725 is divided by 86.
5
What is the remainder when 282563 is divided by 394?
65
Calculate the remainder when 2649 is divided by 273.
192
Calculate the remainder when 9947 is divided by 4971.
5
What is the remainder when 9915 is divided by 831?
774
Calculate the remainder when 58072 is divided by 220.
212
Calculate the remainder when 3615 is divided by 70.
45
Calculate the remainder when 37256 is divided by 466.
442
What is the remainder when 40810 is divided by 1700?
10
What is the remainder when 22011 is divided by 113?
89
Calculate the remainder when 642418 is divided by 45.
43
What is the remainder when 725 is divided by 356?
13
Calculate the remainder when 614170 is divided by 62.
60
Calculate the remainder when 90719 is divided by 18143.
4
Calculate the remainder when 1052 is divided by 501.
50
What is the remainder when 13523 is divided by 12?
11
Calculate the remainder when 3050 is divided by 705.
230
Calculate the remainder when 85077 is divided by 44.
25
What is the remainder when 3617 is divided by 25?
17
What is the remainder when 21933 is divided by 293?
251
Calculate the remainder when 63963 is divided by 15989.
7
What is the remainder when 3010 is divided by 23?
20
Calculate the remainder when 192662 is divided by 341.
338
What is the remainder when 267563 is divided by 82?
79
Calculate the remainder when 24858 is divided by 12412.
34
What is the remainder when 10438 is divided by 48?
22
What is the remainder when 3651 is divided by 2633?
1018
What is the remainder when 3262 is divided by 1075?
37
What is the remainder when 15243 is divided by 69?
63
Calculate the remainder when 278878 is divided by 35.
33
What is the remainder when 368040 is divided by 59?
57
What is the remainder when 42949 is divided by 40?
29
Calculate the remainder when 2823 is divided by 360.
303
What is the remainder when 9282 is divided by 26?
0
What is the remainder when 2213 is divided by 77?
57
Calculate the remainder when 25563 is divided by 319.
43
What is the remainder when 142 is divided by 28?
2
Calculate the remainder when 1539 is divided by 90.
9
Calculate the remainder when 1729 is divided by 821.
87
Calculate the remainder when 1346 is divided by 59.
48
What is the remainder when 590860 is divided by 301?
298
What is the remainder when 5798 is divided by 962?
26
What is the remainder when 30879 is divided by 915?
684
Calculate the remainder when 32457 is divided by 532.
5
Calculate the remainder when 3270 is divided by 1398.
474
What is the remainder when 1630 is divided by 217?
111
Calculate the remainder when 36308 is divided by 18107.
94
What is the remainder when 18292 is divided by 97?
56
Calculate the remainder when 1381271 is divided by 52.
47
What is the remainder when 138183 is divided by 94?
3
Calculate the remainder when 1584 is divided by 209.
121
What is the remainder when 409463 is divided by 1699?
4
What is the remainder when 26319 is divided by 253?
7
What is the remainder when 716998 is divided by 113?
13
What is the remainder when 35823 is divided by 1119?
15
Calculate the remainder when 6261 is divided by 1175.
386
What is the remainder when 17993 is divided by 5995?
8
Calculate the remainder when 8686 is divided by 235.
226
Calculate the remainder wh